d h.
21
Suppose 13*a - 57 = -4*y + 8*a, -2*a - 14 = -3*y. Let f(v) = 17*v + 3. Let j be f(5). Calculate the greatest common factor of y and j.
8
Suppose 3*t - t + i - 169 = 0, 0 = t - 3*i - 67. Let b be 6 - (-19)/(-3) - (-1 + 1500/18)/(-1). What is the highest common factor of t and b?
82
Suppose -4*f = -3*h - 2181, 3*f - 5*h - 970 = 652. What is the greatest common divisor of 513 and f?
9
Let d(p) = -2*p**3 + 4*p**2 - 8*p + 16. Let x be d(8). Let m = 321 + x. Let j be (-6)/9*m/10 + -1. Calculate the highest common factor of j and 288.
32
Let i(q) = 132*q - 6070. Let a be i(46). Calculate the greatest common factor of 3866 and a.
2
Let c = 228 + -208. Suppose 3245 = c*t - 1355. What is the greatest common divisor of 92 and t?
46
Suppose -4*a - 159 - 173 = -2*c, -20 = 4*a. Suppose -5*o = -54 - 6. What is the greatest common divisor of c and o?
12
Suppose 2*j = -5*l + 25, 54*l = -j + 49*l + 20. Let n be (-2)/8 + 63/12. Let q = n - 3. What is the highest common factor of q and j?
1
Let i(f) = 2*f**3. Let q be i(1). Suppose -247*w + 242*w + 3*r + 904 = 0, 4*w + r = 730. Suppose q*o = 46 + w. Calculate the highest common factor of o and 19.
19
Let g = -629 + 659. Suppose 473 = 4*w - 607. What is the highest common divisor of g and w?
30
Suppose 3*f + 18*a = 16*a + 2281, 3*a - 3801 = -5*f. Let h be ((-94)/(-141))/(2/f). Calculate the highest common factor of h and 11.
11
Suppose -45*x + 52*x - 102*x + 61560 = 0. What is the greatest common factor of 2880 and x?
72
Let q(u) = u**2 - 6*u + 2. Let p be q(4). Let v(d) = 21*d**2 - 26*d - 180. Let b be v(p). What is the greatest common divisor of 24 and b?
12
Let c be ((-15)/(-6))/(-3*(-4)/24). Suppose -w - w + c*a - 49 = 0, -3*a + 47 = -2*w. Let v be 10/55 + (-150)/w. What is the greatest common divisor of v and 21?
7
Let r = -33082 + 33127. What is the greatest common divisor of r and 13485?
15
Suppose 2*f - 15*z = -10*z - 371, 0 = 5*z + 5. Let w be (-2 - f)/(126/210). Calculate the greatest common factor of w and 248.
62
Let g be 24/40 - (-195619)/185. What is the greatest common divisor of 1150 and g?
46
Suppose -6*a - 341 = 337. Let k = 172 + a. What is the highest common factor of 59 and k?
59
Let x(f) = -f**2 - 11*f - 12. Let q = 1 - 1. Suppose 0 = w - q*w + 9. Let b be x(w). Calculate the greatest common divisor of 54 and b.
6
Let r be (-56)/(-12)*54/(-63). Let b be r/22 + (-26904)/(-836). Suppose -3*p + 26 = s - 2*s, -50 = -5*p + 5*s. Calculate the highest common factor of b and p.
8
Let r(n) = -4*n**2 - 69*n + 43. Let w be r(0). Calculate the highest common factor of w and 38657.
43
Let u(f) = -15*f + 30 - 15*f + 43*f - 14*f - f**2. Let j be u(-5). What is the greatest common divisor of 20 and j?
10
Suppose 45*s + 10 = 47*s. Let b = s - -34. What is the greatest common divisor of b and 6?
3
Let x(o) = o**3 - 12*o**2 - 27*o - 244. Let u be x(16). What is the highest common factor of 8178 and u?
174
Let x be (-4)/(-10) + 7 + (-162)/30. Suppose -r = 4*y - 3*y - 47, x*y = r - 56. Calculate the highest common divisor of 75 and r.
25
Let w be ((-160)/(-35) - 5) + 174/14. Let l(s) = -s**3 + 6 + 7*s - 2 + 26*s - s + 12*s**2. Let y be l(14). Calculate the greatest common factor of w and y.
12
Let h(t) = 4*t. Let c be h(5). Let i(s) = 3*s + c*s**2 - 13*s**2 - 4*s - 3. Let o be i(-3). What is the greatest common divisor of 84 and o?
21
Let r(p) = 171*p - 1670. Let a be r(10). What is the greatest common divisor of a and 7920?
40
Let w be -26*(-1)/(-1)*45/(-6). Let g(o) = -o**2 + 2*o + 892. Let p be g(30). What is the highest common factor of p and w?
13
Let m = 722 - 680. Let t be (-2)/4 + 788*(-7)/(-56). What is the greatest common factor of m and t?
14
Suppose 5*t = 2*g + 2204 + 230, t + 5*g - 476 = 0. Let u = t - 481. What is the highest common divisor of u and 45?
5
Let d(a) be the second derivative of -a**5/20 - 5*a**4/12 - 3*a**3/2 - 4*a**2 - 26*a. Let h be d(-6). Calculate the greatest common factor of h and 205.
41
Let t(m) = -m + 9. Let a be t(13). Let s = a - -36. Let n = s + 8. What is the highest common factor of 8 and n?
8
Let f be 3*(-35)/(-21) + -5. Suppose -16*j + 12*j + 1904 = f. Calculate the greatest common divisor of 28 and j.
28
Suppose 0 = 3*b + 3*c + 6, 287*c + 12 = 2*b + 285*c. Suppose 2*x + 3*x - 80 = 0. What is the greatest common factor of x and b?
2
Suppose 0 = -14*h + 582 - 78. Let g be (-2 + 0 + -3)*-1. Let f(n) = 2*n**3 - 6*n**2 - n - 5. Let v be f(g). What is the greatest common divisor of h and v?
18
Let t be (-67)/3 - (-1)/3. Suppose n + 219 = -4*r + 329, -116 = -4*r - 4*n. Let s = r + t. Calculate the greatest common divisor of s and 45.
5
Let h be 196/((-210)/15) + 2249. Calculate the highest common divisor of h and 15.
15
Suppose s = -7*s + 32. Suppose -v + q = -9, 4*v - s*q + 9 = -9*q. Suppose 4*p - 94 = -3*u - 8, v*p - u - 78 = 0. What is the highest common factor of 15 and p?
5
Suppose -106*u + 405 = -97*u. Let b be (u/(-10) + 2)*-52. Calculate the highest common factor of b and 52.
26
Let m = 7728 - 7488. Calculate the greatest common divisor of 1380 and m.
60
Let c(d) = 10*d + 23. Let p be c(3). Let g = -51 + p. Let o be 9*(2/(-3) + g). What is the greatest common factor of o and 30?
6
Let i(s) = 92*s**2 + 11*s + 14. Let r be (-12 + 2)/(-2)*(-62)/155. Let h be i(r). What is the highest common factor of h and 24?
24
Suppose 0*o - 12*o = 0. Suppose -3*p - 124 = -w, 3*p - 212 = -2*w - o*w. Let q(f) = -2*f + 4. Let d be q(-6). Calculate the highest common factor of d and w.
16
Suppose 0 = 22*p - 60 - 50. Let t be (-6 + 1)/p - -28. What is the greatest common factor of 3 and t?
3
Let q = -23 - -121. Let f = q + -96. Suppose 3*y - h = -4*h + 78, 5*y + h - 114 = 0. What is the greatest common divisor of f and y?
2
Suppose 12*a = 8*a. Let g(s) = -s**3 - 2*s**2 + 2*s + 11. Let j be g(a). Let i(f) = f**2 - f + 2. Let x be i(-4). What is the highest common factor of j and x?
11
Let j(q) = -10*q. Let i(r) = -r**2 + 10*r + 2. Let z(v) = -6*i(v) - 5*j(v). Let y be z(-3). Calculate the highest common divisor of 192 and y.
24
Let v = -637 + 647. Let g be (-66)/(-3*(-2)/(-3)). Suppose g = q + 13. Calculate the greatest common factor of q and v.
10
Suppose v - 4*y - 1768 = -4*v, -4*v - 5*y = -1398. Let p(j) = j**3 - 115*j**2 + 336*j + 44. Let l be p(112). What is the greatest common factor of v and l?
44
Let w = -2052 - -2262. Let o = 16 + 14. What is the greatest common divisor of w and o?
30
Let k = 1302 + -314. Let z = k + -508. Calculate the highest common divisor of z and 45.
15
Let n be -188*(-6)/44 + ((-9048)/286 - -32). Calculate the highest common divisor of n and 2054.
26
Let q be (11/(-22))/((-2)/(-132)). Let y be (-2)/(-11) - (-2 + (-6)/q). Let x = -19 - -23. Calculate the greatest common divisor of y and x.
2
Let a = 32 - 18. Let p(d) = 2*d - 17. Let u be p(a). Let m = 0 - -22. What is the highest common divisor of m and u?
11
Suppose -q = -2*q. Suppose 4*k + 0*k - 16 = q. Let i = -230 - -246. Calculate the greatest common divisor of i and k.
4
Let i(y) = 574*y**2 + 121*y + 6. Let l be i(3). What is the highest common divisor of 270 and l?
135
Let d be 34/(-51)*(-4 + (0 - 2)). Let s be -1 + d - (-28 - (5 + -1)). What is the greatest common factor of 14 and s?
7
Let l(j) = 3*j - 33. Let c be l(14). Let i = 10 + -18. Let a = 35 + i. What is the greatest common divisor of a and c?
9
Let w = -7770 + 7854. What is the highest common factor of w and 812?
28
Suppose -5*w - 978 = -87*w - 81*w. What is the highest common divisor of 1011 and w?
3
Suppose 5056 = -7*s + 5091. What is the greatest common divisor of 405 and s?
5
Let g(f) = 1790*f + 6660. Let c be g(18). Calculate the greatest common factor of 324 and c.
324
Let g be 1/(-3)*(-65 - 13). Let t = g - -24. Let d be (t/(-4) + 4)*-8. What is the greatest common factor of 34 and d?
34
Let m be -9 - (11 + -30) - -10 - 4. What is the highest common factor of m and 2648?
8
Let f be (0 - 1*21/(-5))*-15. Let s = 67 + f. Suppose 0 = k - 5*j - 2, j - 74 = -s*k - j. Calculate the highest common factor of 34 and k.
17
Suppose 0 = -u - m - 18, -15 = -2*m + 7*m. Let k = u + 85. Suppose 141 = 2*w - 0*g + 3*g, -w - 2*g = -k. Calculate the highest common divisor of w and 8.
8
Let k(f) = 530*f - 9619. Let a be k(35). What is the great